reatest common divisor of 118369932 and 20190?
4038
What is the greatest common factor of 8748 and 31428?
324
What is the highest common factor of 81184 and 59512?
344
What is the greatest common divisor of 390855806 and 68?
34
What is the greatest common factor of 21 and 144258870?
21
What is the greatest common divisor of 66480180 and 85956?
4524
What is the greatest common factor of 1458294 and 4872?
174
What is the greatest common factor of 8234415 and 315?
315
What is the highest common divisor of 4737778 and 61242?
346
What is the greatest common factor of 11297 and 661622?
13
What is the greatest common divisor of 1393740 and 121365?
3915
Calculate the highest common factor of 468 and 384570.
18
What is the highest common divisor of 427581 and 20559?
231
What is the highest common factor of 8556 and 8525364?
276
Calculate the greatest common factor of 648 and 100401120.
648
What is the greatest common divisor of 949773 and 309?
3
What is the greatest common factor of 20 and 63121?
1
What is the greatest common divisor of 36 and 1547997228?
36
Calculate the highest common factor of 576 and 1630674.
18
Calculate the highest common factor of 191 and 14149.
1
Calculate the highest common factor of 615 and 27983976.
123
What is the highest common divisor of 115 and 367101505?
115
Calculate the highest common divisor of 1506 and 29751532.
502
What is the greatest common divisor of 7840907 and 736?
23
Calculate the highest common divisor of 2822 and 9575250.
34
What is the highest common factor of 1347059 and 17143?
7
Calculate the highest common divisor of 258195435 and 1505.
215
What is the greatest common divisor of 13695 and 161499657?
2739
Calculate the highest common factor of 751365 and 387630.
2655
Calculate the greatest common factor of 5472 and 306.
18
Calculate the greatest common factor of 1986201 and 5103.
567
Calculate the greatest common factor of 308009061 and 63.
9
What is the highest common factor of 1628389 and 651?
7
Calculate the highest common factor of 1733534 and 946.
22
What is the greatest common divisor of 161041256 and 72?
8
What is the highest common factor of 764660 and 16660?
340
What is the greatest common divisor of 8591104 and 54464?
2368
What is the highest common factor of 6789 and 395952?
219
What is the highest common factor of 876681 and 201721?
767
Calculate the greatest common factor of 2646 and 63954.
18
What is the greatest common divisor of 2080 and 220110280?
520
What is the highest common divisor of 116388 and 45290304?
2196
Calculate the highest common divisor of 41526 and 57834.
54
Calculate the greatest common factor of 44 and 16184014.
22
Calculate the greatest common factor of 26658 and 366657094.
2962
What is the highest common divisor of 53092 and 2444?
52
Calculate the greatest common factor of 40648864 and 9696.
3232
What is the greatest common divisor of 1294173 and 918?
9
What is the greatest common factor of 28584 and 3528?
72
What is the highest common divisor of 87528 and 35724?
12
What is the greatest common divisor of 1242 and 362401938?
1242
What is the highest common factor of 95815280 and 1320?
440
What is the highest common divisor of 6728412 and 276?
12
What is the greatest common divisor of 18 and 3488402?
2
Calculate the greatest common divisor of 40 and 1279180.
20
What is the greatest common divisor of 6285312 and 489676?
1364
What is the greatest common factor of 8568 and 421056?
1224
Calculate the highest common factor of 35714 and 69958.
14
Calculate the greatest common divisor of 4480 and 309739520.
640
What is the greatest common divisor of 14094675 and 127575?
4725
What is the greatest common factor of 318 and 1064842?
2
Calculate the highest common factor of 2448 and 1319364.
36
Calculate the greatest common divisor of 3120 and 181453480.
520
Calculate the highest common factor of 47795 and 3140.
5
Calculate the highest common factor of 3911412 and 192.
12
What is the greatest common divisor of 5171135 and 836?
19
Calculate the highest common factor of 7140 and 18611600.
2380
Calculate the greatest common factor of 130 and 42751150.
130
What is the greatest common factor of 10 and 2057554?
2
What is the highest common factor of 65578596 and 1063?
1063
What is the greatest common divisor of 39135395 and 455?
65
Calculate the greatest common divisor of 1404 and 11576487.
39
Calculate the highest common factor of 176 and 28757168.
176
What is the greatest common divisor of 4 and 458172692?
4
What is the highest common factor of 2385 and 1289160?
45
What is the greatest common factor of 27038 and 107289242?
2458
What is the greatest common divisor of 6378134 and 35?
7
Calculate the highest common divisor of 144 and 104116464.
144
What is the highest common divisor of 14 and 923761650?
14
What is the greatest common divisor of 8519326 and 1253?
179
What is the highest common divisor of 154602 and 8630718?
2454
Calculate the greatest common factor of 477 and 176165057.
53
What is the highest common factor of 838204 and 703?
19
What is the highest common factor of 2545672345 and 2755?
2755
What is the greatest common factor of 6272 and 947739968?
3136
What is the highest common factor of 4344 and 168635528?
1448
What is the highest common factor of 8526 and 5910258?
174
What is the greatest common divisor of 880844 and 3861749?
5371
What is the greatest common factor of 89295200 and 3680?
3680
What is the greatest common divisor of 15194498 and 68?
34
What is the greatest common factor of 1646960 and 17992?
1384
Calculate the greatest common factor of 16330054 and 3965.
13
What is the greatest common factor of 3246388 and 680?
68
What is the highest common factor of 426589 and 5561?
67
Calculate the greatest common factor of 31948 and 444332.
196
Calculate the greatest common factor of 560 and 73915030.
70
Calculate the highest common factor of 6885020 and 160.
20
Calculate the highest common divisor of 5211 and 42460.
193
What is the highest common divisor of 16778 and 1694?
2
What is the highest common divisor of 189 and 1347003?
189
Calculate the greatest common divisor of 395569 and 229941.
881
What is the greatest common divisor of 6232672 and 1120?
32
What is the highest common divisor of 543862 and 1188?
22
What is the highest common divisor of 2855936 and 36257?
2789
Calculate the highest common factor of 24184014 and 66748.
3034
Calculate the highest common factor of 2415 and 6604680.
345
Calculate the greatest common divisor of 18355753 and 178828.
2353
Calculate the highest common factor of 1862 and 12433904.
266
What is the greatest common factor of 719124 and 15484?
196
What is the highest common factor of 952 and 2858312?
136
What is the greatest common divisor of 176 and 7456664?
8
Calculate the greatest common divisor of 544 and 9304304.
272
Calculate the greatest common factor of 236 and 189069394.
118
What is the highest common divisor of 44 and 7409578?
22
What is the highest common factor of 18159315 and 710?
355
What is the highest common factor of 13 and 1043011021?
13
Calculate the greatest common divisor of 99545 and 3257035.
215
What is the greatest common factor of 23476440 and 51207?
3939
Calculate the greatest common factor of 308 and 1217986.
154
Calculate the highest common factor of 1221 and 6381012.
33
What is the greatest common divisor of 107848245 and 615?
615
What is the highest common factor of 1762796 and 30371740?
11228
What is the greatest common factor of 5224450 and 518903?
1771
Calculate the highest common divisor of 628854 and 75874.
1286
What is the highest common factor of 1 and 1008346?
1
What is the highest common factor of 825 and 38421625?
275
Calculate the highest common factor of 4386 and 47709939.
51
Calculate the highest common factor of 134 and 13503046.
134
Calculate the highest common factor of 1240492703 and 327.
109
Calculate the greatest common factor of 48 and 138416016.
48
Calculate the highest common divisor of 4881 and 94922434.
1627
What is the highest common factor of 8185728 and 384?
384
What is the greatest common factor of 4334 and 690549222?
4334
Calculate the highest common factor of 1215 and 68267205.
1215
Calculate the highest common factor of 240 and 111277536.
48
Calculate the greatest common fa